{"id":88262,"date":"2021-07-26T11:11:25","date_gmt":"2021-07-26T09:11:25","guid":{"rendered":"https:\/\/new.salaisons-anniviers.ch\/?post_type=product&#038;p=88262"},"modified":"2026-08-07T08:07:34","modified_gmt":"2026-08-07T06:07:34","slug":"saucisse-aux-noix","status":"publish","type":"product","link":"https:\/\/salaisons-anniviers.ch\/de\/produkt\/saucisse-aux-noix\/","title":{"rendered":"Wurst mit Baumn\u00fcssen"},"content":{"rendered":"<div class=\"wpb-content-wrapper\"><div data-parent=\"true\" class=\"vc_row row-container\" id=\"row-unique-0\"><div class=\"row limit-width row-parent\"><div class=\"wpb_row row-inner\"><div class=\"wpb_column pos-top pos-center align_left column_parent col-lg-12 single-internal-gutter\"><div class=\"uncol style-dark\"  ><div class=\"uncoltable\"><div class=\"uncell no-block-padding\" ><div class=\"uncont\" ><div class=\"uncode_text_column\" ><p>Ingr\u00e9dients : Viande de porc, lard, <strong>Noix 8%<\/strong>, sel de cuisine iod\u00e9, \u00e9pices, fibre v\u00e9g\u00e9tale d&rsquo;<strong>avoine<\/strong>, vin (<strong>sulfite<\/strong>), sucre, enveloppe comestible de b\u0153uf, peut contenir de la viande de b\u0153uf, viande Suisse, produit \u00e0 base de viande \u00e0 consommer cru, conserver de pr\u00e9f\u00e9rence dans un endroit frais et sec. Peut contenir des traces de <strong>noisettes<\/strong>. Poids 170 gr.<\/p>\n<p>N\u00e4hrwerte pro 100 g<br \/>\nEnergie||1370KJ,330kcal<br \/>\nFette|26|g<br \/>\ndavon ges\u00e4ttigte S\u00e4uren|10|g<br \/>\nKohlenhydrate|&lt;1|g<br \/>\n\u2013 davon Zucker|1|g<br \/>\nProteine|23|g<br \/>\nSalz|2.9|g<\/p>\n<\/div><\/div><\/div><\/div><\/div><\/div><script id=\"script-row-unique-0\" data-row=\"script-row-unique-0\" type=\"text\/javascript\" class=\"vc_controls\">UNCODE.initRow(document.getElementById(\"row-unique-0\"));<\/script><\/div><\/div><\/div>\n<\/div>","protected":false},"excerpt":{"rendered":"<p>Die Nusswurst wird aus Schweizer Schweine- und Rindfleisch hergestellt, in der W\u00fcrze werden N\u00fcsse hinzugef\u00fcgt.<\/p>","protected":false},"featured_media":87694,"comment_status":"closed","ping_status":"closed","template":"","meta":[],"product_brand":[],"product_cat":[19],"product_tag":[288],"class_list":["post-88262","product","type-product","status-publish","has-post-thumbnail","product_cat-saucisse","product_tag-sans-additif","first","instock","taxable","shipping-taxable","purchasable","product-type-variable"],"yoast_head":"<!-- This site is optimized with the Yoast SEO plugin v28.4 - https:\/\/yoast.com\/product\/yoast-seo-wordpress\/ -->\n<title>Saucisse aux noix - Salaisons Anniviers - Vente en ligne d&#039;\u00e9picerie<\/title>\n<meta name=\"description\" content=\"Saucisse s\u00e8che aux noix \u00e0 base de viande Suisse. Fabrication traditionnelle et artisanale dans le Val d&#039;Anniviers, Suisse\" \/>\n<meta name=\"robots\" content=\"index, follow, max-snippet:-1, max-image-preview:large, max-video-preview:-1\" \/>\n<link rel=\"canonical\" href=\"https:\/\/salaisons-anniviers.ch\/de\/produkt\/saucisse-aux-noix\/\" \/>\n<meta property=\"og:locale\" content=\"de_DE\" \/>\n<meta property=\"og:type\" content=\"article\" \/>\n<meta property=\"og:title\" content=\"Saucisse aux noix - Salaisons Anniviers - Vente en ligne d&#039;\u00e9picerie\" \/>\n<meta property=\"og:description\" content=\"Saucisse s\u00e8che aux noix \u00e0 base de viande Suisse. Fabrication traditionnelle et artisanale dans le Val d&#039;Anniviers, Suisse\" \/>\n<meta property=\"og:url\" content=\"https:\/\/salaisons-anniviers.ch\/de\/produkt\/saucisse-aux-noix\/\" \/>\n<meta property=\"og:site_name\" content=\"Salaisons Anniviers\" \/>\n<meta property=\"article:modified_time\" content=\"2026-08-07T06:07:34+00:00\" \/>\n<meta property=\"og:image\" content=\"https:\/\/salaisons-anniviers.ch\/wp-content\/uploads\/2021\/06\/Noix-scaled.jpg\" \/>\n\t<meta property=\"og:image:width\" content=\"2560\" \/>\n\t<meta property=\"og:image:height\" content=\"1708\" \/>\n\t<meta property=\"og:image:type\" content=\"image\/jpeg\" \/>\n<meta name=\"twitter:card\" content=\"summary_large_image\" \/>\n<meta name=\"twitter:label1\" content=\"Gesch\u00e4tzte Lesezeit\" \/>\n\t<meta name=\"twitter:data1\" content=\"1\u00a0Minute\" \/>\n<script type=\"application\/ld+json\" class=\"yoast-schema-graph\">{\"@context\":\"https:\\\/\\\/schema.org\",\"@graph\":[{\"@type\":\"WebPage\",\"@id\":\"https:\\\/\\\/salaisons-anniviers.ch\\\/produit\\\/saucisse-aux-noix\\\/\",\"url\":\"https:\\\/\\\/salaisons-anniviers.ch\\\/produit\\\/saucisse-aux-noix\\\/\",\"name\":\"Saucisse aux noix - Salaisons Anniviers - Vente en ligne d'\u00e9picerie\",\"isPartOf\":{\"@id\":\"https:\\\/\\\/salaisons-anniviers.ch\\\/#website\"},\"primaryImageOfPage\":{\"@id\":\"https:\\\/\\\/salaisons-anniviers.ch\\\/produit\\\/saucisse-aux-noix\\\/#primaryimage\"},\"image\":{\"@id\":\"https:\\\/\\\/salaisons-anniviers.ch\\\/produit\\\/saucisse-aux-noix\\\/#primaryimage\"},\"thumbnailUrl\":\"https:\\\/\\\/salaisons-anniviers.ch\\\/wp-content\\\/uploads\\\/2021\\\/06\\\/Noix-scaled.jpg\",\"datePublished\":\"2021-07-26T09:11:25+00:00\",\"dateModified\":\"2026-08-07T06:07:34+00:00\",\"description\":\"Saucisse s\u00e8che aux noix \u00e0 base de viande Suisse. Fabrication traditionnelle et artisanale dans le Val d'Anniviers, Suisse\",\"breadcrumb\":{\"@id\":\"https:\\\/\\\/salaisons-anniviers.ch\\\/produit\\\/saucisse-aux-noix\\\/#breadcrumb\"},\"inLanguage\":\"de-CH\",\"potentialAction\":[{\"@type\":\"ReadAction\",\"target\":[\"https:\\\/\\\/salaisons-anniviers.ch\\\/produit\\\/saucisse-aux-noix\\\/\"]}]},{\"@type\":\"ImageObject\",\"inLanguage\":\"de-CH\",\"@id\":\"https:\\\/\\\/salaisons-anniviers.ch\\\/produit\\\/saucisse-aux-noix\\\/#primaryimage\",\"url\":\"https:\\\/\\\/salaisons-anniviers.ch\\\/wp-content\\\/uploads\\\/2021\\\/06\\\/Noix-scaled.jpg\",\"contentUrl\":\"https:\\\/\\\/salaisons-anniviers.ch\\\/wp-content\\\/uploads\\\/2021\\\/06\\\/Noix-scaled.jpg\",\"width\":2560,\"height\":1708,\"caption\":\"Noix\"},{\"@type\":\"BreadcrumbList\",\"@id\":\"https:\\\/\\\/salaisons-anniviers.ch\\\/produit\\\/saucisse-aux-noix\\\/#breadcrumb\",\"itemListElement\":[{\"@type\":\"ListItem\",\"position\":1,\"name\":\"Accueil\",\"item\":\"https:\\\/\\\/salaisons-anniviers.ch\\\/\"},{\"@type\":\"ListItem\",\"position\":2,\"name\":\"Shop\",\"item\":\"https:\\\/\\\/salaisons-anniviers.ch\\\/shop\\\/\"},{\"@type\":\"ListItem\",\"position\":3,\"name\":\"Saucisse aux noix\"}]},{\"@type\":\"WebSite\",\"@id\":\"https:\\\/\\\/salaisons-anniviers.ch\\\/#website\",\"url\":\"https:\\\/\\\/salaisons-anniviers.ch\\\/\",\"name\":\"Salaisons Anniviers\",\"description\":\"Sp\u00e9cialit\u00e9s valaisannes\",\"publisher\":{\"@id\":\"https:\\\/\\\/salaisons-anniviers.ch\\\/#organization\"},\"potentialAction\":[{\"@type\":\"SearchAction\",\"target\":{\"@type\":\"EntryPoint\",\"urlTemplate\":\"https:\\\/\\\/salaisons-anniviers.ch\\\/?s={search_term_string}\"},\"query-input\":{\"@type\":\"PropertyValueSpecification\",\"valueRequired\":true,\"valueName\":\"search_term_string\"}}],\"inLanguage\":\"de-CH\"},{\"@type\":\"Organization\",\"@id\":\"https:\\\/\\\/salaisons-anniviers.ch\\\/#organization\",\"name\":\"Salaisons Anniviers\",\"url\":\"https:\\\/\\\/salaisons-anniviers.ch\\\/\",\"logo\":{\"@type\":\"ImageObject\",\"inLanguage\":\"de-CH\",\"@id\":\"https:\\\/\\\/salaisons-anniviers.ch\\\/#\\\/schema\\\/logo\\\/image\\\/\",\"url\":\"https:\\\/\\\/salaisons-anniviers.ch\\\/wp-content\\\/uploads\\\/2025\\\/10\\\/cropped-logo-salaisons-d-annivers-transp2.png\",\"contentUrl\":\"https:\\\/\\\/salaisons-anniviers.ch\\\/wp-content\\\/uploads\\\/2025\\\/10\\\/cropped-logo-salaisons-d-annivers-transp2.png\",\"width\":200,\"height\":202,\"caption\":\"Salaisons Anniviers\"},\"image\":{\"@id\":\"https:\\\/\\\/salaisons-anniviers.ch\\\/#\\\/schema\\\/logo\\\/image\\\/\"}}]}<\/script>\n<!-- \/ Yoast SEO plugin. -->","yoast_head_json":{"title":"Saucisse aux noix - Salaisons Anniviers - Vente en ligne d'\u00e9picerie","description":"Saucisse s\u00e8che aux noix \u00e0 base de viande Suisse. Fabrication traditionnelle et artisanale dans le Val d'Anniviers, Suisse","robots":{"index":"index","follow":"follow","max-snippet":"max-snippet:-1","max-image-preview":"max-image-preview:large","max-video-preview":"max-video-preview:-1"},"canonical":"https:\/\/salaisons-anniviers.ch\/de\/produkt\/saucisse-aux-noix\/","og_locale":"de_DE","og_type":"article","og_title":"Saucisse aux noix - Salaisons Anniviers - Vente en ligne d'\u00e9picerie","og_description":"Saucisse s\u00e8che aux noix \u00e0 base de viande Suisse. Fabrication traditionnelle et artisanale dans le Val d'Anniviers, Suisse","og_url":"https:\/\/salaisons-anniviers.ch\/de\/produkt\/saucisse-aux-noix\/","og_site_name":"Salaisons Anniviers","article_modified_time":"2026-08-07T06:07:34+00:00","og_image":[{"width":2560,"height":1708,"url":"https:\/\/salaisons-anniviers.ch\/wp-content\/uploads\/2021\/06\/Noix-scaled.jpg","type":"image\/jpeg"}],"twitter_card":"summary_large_image","twitter_misc":{"Gesch\u00e4tzte Lesezeit":"1\u00a0Minute"},"schema":{"@context":"https:\/\/schema.org","@graph":[{"@type":"WebPage","@id":"https:\/\/salaisons-anniviers.ch\/produit\/saucisse-aux-noix\/","url":"https:\/\/salaisons-anniviers.ch\/produit\/saucisse-aux-noix\/","name":"Saucisse aux noix - Salaisons Anniviers - Vente en ligne d'\u00e9picerie","isPartOf":{"@id":"https:\/\/salaisons-anniviers.ch\/#website"},"primaryImageOfPage":{"@id":"https:\/\/salaisons-anniviers.ch\/produit\/saucisse-aux-noix\/#primaryimage"},"image":{"@id":"https:\/\/salaisons-anniviers.ch\/produit\/saucisse-aux-noix\/#primaryimage"},"thumbnailUrl":"https:\/\/salaisons-anniviers.ch\/wp-content\/uploads\/2021\/06\/Noix-scaled.jpg","datePublished":"2021-07-26T09:11:25+00:00","dateModified":"2026-08-07T06:07:34+00:00","description":"Saucisse s\u00e8che aux noix \u00e0 base de viande Suisse. Fabrication traditionnelle et artisanale dans le Val d'Anniviers, Suisse","breadcrumb":{"@id":"https:\/\/salaisons-anniviers.ch\/produit\/saucisse-aux-noix\/#breadcrumb"},"inLanguage":"de-CH","potentialAction":[{"@type":"ReadAction","target":["https:\/\/salaisons-anniviers.ch\/produit\/saucisse-aux-noix\/"]}]},{"@type":"ImageObject","inLanguage":"de-CH","@id":"https:\/\/salaisons-anniviers.ch\/produit\/saucisse-aux-noix\/#primaryimage","url":"https:\/\/salaisons-anniviers.ch\/wp-content\/uploads\/2021\/06\/Noix-scaled.jpg","contentUrl":"https:\/\/salaisons-anniviers.ch\/wp-content\/uploads\/2021\/06\/Noix-scaled.jpg","width":2560,"height":1708,"caption":"Noix"},{"@type":"BreadcrumbList","@id":"https:\/\/salaisons-anniviers.ch\/produit\/saucisse-aux-noix\/#breadcrumb","itemListElement":[{"@type":"ListItem","position":1,"name":"Accueil","item":"https:\/\/salaisons-anniviers.ch\/"},{"@type":"ListItem","position":2,"name":"Shop","item":"https:\/\/salaisons-anniviers.ch\/shop\/"},{"@type":"ListItem","position":3,"name":"Saucisse aux noix"}]},{"@type":"WebSite","@id":"https:\/\/salaisons-anniviers.ch\/#website","url":"https:\/\/salaisons-anniviers.ch\/","name":"Salaisons Anniviers","description":"Sp\u00e9cialit\u00e9s valaisannes","publisher":{"@id":"https:\/\/salaisons-anniviers.ch\/#organization"},"potentialAction":[{"@type":"SearchAction","target":{"@type":"EntryPoint","urlTemplate":"https:\/\/salaisons-anniviers.ch\/?s={search_term_string}"},"query-input":{"@type":"PropertyValueSpecification","valueRequired":true,"valueName":"search_term_string"}}],"inLanguage":"de-CH"},{"@type":"Organization","@id":"https:\/\/salaisons-anniviers.ch\/#organization","name":"Salaisons Anniviers","url":"https:\/\/salaisons-anniviers.ch\/","logo":{"@type":"ImageObject","inLanguage":"de-CH","@id":"https:\/\/salaisons-anniviers.ch\/#\/schema\/logo\/image\/","url":"https:\/\/salaisons-anniviers.ch\/wp-content\/uploads\/2025\/10\/cropped-logo-salaisons-d-annivers-transp2.png","contentUrl":"https:\/\/salaisons-anniviers.ch\/wp-content\/uploads\/2025\/10\/cropped-logo-salaisons-d-annivers-transp2.png","width":200,"height":202,"caption":"Salaisons Anniviers"},"image":{"@id":"https:\/\/salaisons-anniviers.ch\/#\/schema\/logo\/image\/"}}]}},"_links":{"self":[{"href":"https:\/\/salaisons-anniviers.ch\/de\/wp-json\/wp\/v2\/product\/88262","targetHints":{"allow":["GET"]}}],"collection":[{"href":"https:\/\/salaisons-anniviers.ch\/de\/wp-json\/wp\/v2\/product"}],"about":[{"href":"https:\/\/salaisons-anniviers.ch\/de\/wp-json\/wp\/v2\/types\/product"}],"replies":[{"embeddable":true,"href":"https:\/\/salaisons-anniviers.ch\/de\/wp-json\/wp\/v2\/comments?post=88262"}],"wp:featuredmedia":[{"embeddable":true,"href":"https:\/\/salaisons-anniviers.ch\/de\/wp-json\/wp\/v2\/media\/87694"}],"wp:attachment":[{"href":"https:\/\/salaisons-anniviers.ch\/de\/wp-json\/wp\/v2\/media?parent=88262"}],"wp:term":[{"taxonomy":"product_brand","embeddable":true,"href":"https:\/\/salaisons-anniviers.ch\/de\/wp-json\/wp\/v2\/product_brand?post=88262"},{"taxonomy":"product_cat","embeddable":true,"href":"https:\/\/salaisons-anniviers.ch\/de\/wp-json\/wp\/v2\/product_cat?post=88262"},{"taxonomy":"product_tag","embeddable":true,"href":"https:\/\/salaisons-anniviers.ch\/de\/wp-json\/wp\/v2\/product_tag?post=88262"}],"curies":[{"name":"wp","href":"https:\/\/api.w.org\/{rel}","templated":true}]}}

Wurst mit Baumnüssen

<div class="wpb-content-wrapper"><div data-parent="true" class="vc_row row-container" id="row-unique-0"><div class="row limit-width row-parent"><div class="wpb_row row-inner"><div class="wpb_column pos-top pos-center align_left column_parent col-lg-12 single-internal-gutter"><div class="uncol style-dark"  ><div class="uncoltable"><div class="uncell no-block-padding" ><div class="uncont" ><div class="uncode_text_column" ><p>Ingrédients : Viande de porc, lard, <strong>Noix 8%</strong>, sel de cuisine iodé, épices, fibre végétale d&rsquo;<strong>avoine</strong>, vin (<strong>sulfite</strong>), sucre, enveloppe comestible de bœuf, peut contenir de la viande de bœuf, viande Suisse, produit à base de viande à consommer cru, conserver de préférence dans un endroit frais et sec. Peut contenir des traces de <strong>noisettes</strong>. Poids 170 gr.</p>
<p>Nährwerte pro 100 g<br />
Energie||1370KJ,330kcal<br />
Fette|26|g<br />
davon gesättigte Säuren|10|g<br />
Kohlenhydrate|&lt;1|g<br />
– davon Zucker|1|g<br />
Proteine|23|g<br />
Salz|2.9|g</p>
</div></div></div></div></div></div><script id="script-row-unique-0" data-row="script-row-unique-0" type="text/javascript" class="vc_controls">UNCODE.initRow(document.getElementById("row-unique-0"));</script></div></div></div>
</div>

<p>Die Nusswurst wird aus Schweizer Schweine- und Rindfleisch hergestellt, in der Würze werden Nüsse hinzugefügt.</p>

<!-- This site is optimized with the Yoast SEO plugin v28.4 - https://yoast.com/product/yoast-seo-wordpress/ -->
<title>Saucisse aux noix - Salaisons Anniviers - Vente en ligne d&#039;épicerie</title>
<meta name="description" content="Saucisse sèche aux noix à base de viande Suisse. Fabrication traditionnelle et artisanale dans le Val d&#039;Anniviers, Suisse" />
<meta name="robots" content="index, follow, max-snippet:-1, max-image-preview:large, max-video-preview:-1" />
<link rel="canonical" href="https://salaisons-anniviers.ch/de/produkt/saucisse-aux-noix/" />
<meta property="og:locale" content="de_DE" />
<meta property="og:type" content="article" />
<meta property="og:title" content="Saucisse aux noix - Salaisons Anniviers - Vente en ligne d&#039;épicerie" />
<meta property="og:description" content="Saucisse sèche aux noix à base de viande Suisse. Fabrication traditionnelle et artisanale dans le Val d&#039;Anniviers, Suisse" />
<meta property="og:url" content="https://salaisons-anniviers.ch/de/produkt/saucisse-aux-noix/" />
<meta property="og:site_name" content="Salaisons Anniviers" />
<meta property="article:modified_time" content="2026-08-07T06:07:34+00:00" />
<meta property="og:image" content="https://salaisons-anniviers.ch/wp-content/uploads/2021/06/Noix-scaled.jpg" />
	<meta property="og:image:width" content="2560" />
	<meta property="og:image:height" content="1708" />
	<meta property="og:image:type" content="image/jpeg" />
<meta name="twitter:card" content="summary_large_image" />
<meta name="twitter:label1" content="Geschätzte Lesezeit" />
	<meta name="twitter:data1" content="1 Minute" />
<script type="application/ld+json" class="yoast-schema-graph">{"@context":"https:\/\/schema.org","@graph":[{"@type":"WebPage","@id":"https:\/\/salaisons-anniviers.ch\/produit\/saucisse-aux-noix\/","url":"https:\/\/salaisons-anniviers.ch\/produit\/saucisse-aux-noix\/","name":"Saucisse aux noix - Salaisons Anniviers - Vente en ligne d'épicerie","isPartOf":{"@id":"https:\/\/salaisons-anniviers.ch\/#website"},"primaryImageOfPage":{"@id":"https:\/\/salaisons-anniviers.ch\/produit\/saucisse-aux-noix\/#primaryimage"},"image":{"@id":"https:\/\/salaisons-anniviers.ch\/produit\/saucisse-aux-noix\/#primaryimage"},"thumbnailUrl":"https:\/\/salaisons-anniviers.ch\/wp-content\/uploads\/2021\/06\/Noix-scaled.jpg","datePublished":"2021-07-26T09:11:25+00:00","dateModified":"2026-08-07T06:07:34+00:00","description":"Saucisse sèche aux noix à base de viande Suisse. Fabrication traditionnelle et artisanale dans le Val d'Anniviers, Suisse","breadcrumb":{"@id":"https:\/\/salaisons-anniviers.ch\/produit\/saucisse-aux-noix\/#breadcrumb"},"inLanguage":"de-CH","potentialAction":[{"@type":"ReadAction","target":["https:\/\/salaisons-anniviers.ch\/produit\/saucisse-aux-noix\/"]}]},{"@type":"ImageObject","inLanguage":"de-CH","@id":"https:\/\/salaisons-anniviers.ch\/produit\/saucisse-aux-noix\/#primaryimage","url":"https:\/\/salaisons-anniviers.ch\/wp-content\/uploads\/2021\/06\/Noix-scaled.jpg","contentUrl":"https:\/\/salaisons-anniviers.ch\/wp-content\/uploads\/2021\/06\/Noix-scaled.jpg","width":2560,"height":1708,"caption":"Noix"},{"@type":"BreadcrumbList","@id":"https:\/\/salaisons-anniviers.ch\/produit\/saucisse-aux-noix\/#breadcrumb","itemListElement":[{"@type":"ListItem","position":1,"name":"Accueil","item":"https:\/\/salaisons-anniviers.ch\/"},{"@type":"ListItem","position":2,"name":"Shop","item":"https:\/\/salaisons-anniviers.ch\/shop\/"},{"@type":"ListItem","position":3,"name":"Saucisse aux noix"}]},{"@type":"WebSite","@id":"https:\/\/salaisons-anniviers.ch\/#website","url":"https:\/\/salaisons-anniviers.ch\/","name":"Salaisons Anniviers","description":"Spécialités valaisannes","publisher":{"@id":"https:\/\/salaisons-anniviers.ch\/#organization"},"potentialAction":[{"@type":"SearchAction","target":{"@type":"EntryPoint","urlTemplate":"https:\/\/salaisons-anniviers.ch\/?s={search_term_string}"},"query-input":{"@type":"PropertyValueSpecification","valueRequired":true,"valueName":"search_term_string"}}],"inLanguage":"de-CH"},{"@type":"Organization","@id":"https:\/\/salaisons-anniviers.ch\/#organization","name":"Salaisons Anniviers","url":"https:\/\/salaisons-anniviers.ch\/","logo":{"@type":"ImageObject","inLanguage":"de-CH","@id":"https:\/\/salaisons-anniviers.ch\/#\/schema\/logo\/image\/","url":"https:\/\/salaisons-anniviers.ch\/wp-content\/uploads\/2025\/10\/cropped-logo-salaisons-d-annivers-transp2.png","contentUrl":"https:\/\/salaisons-anniviers.ch\/wp-content\/uploads\/2025\/10\/cropped-logo-salaisons-d-annivers-transp2.png","width":200,"height":202,"caption":"Salaisons Anniviers"},"image":{"@id":"https:\/\/salaisons-anniviers.ch\/#\/schema\/logo\/image\/"}}]}</script>
<!-- / Yoast SEO plugin. -->

Saucisse aux noix - Salaisons Anniviers - Vente en ligne d'épicerie

Saucisse sèche aux noix à base de viande Suisse. Fabrication traditionnelle et artisanale dans le Val d'Anniviers, Suisse

Spécialités valaisannes
